highest common divisor of s and x?
1
Let k be (-2)/(-2 + 1)*38/4. What is the greatest common divisor of k and 19?
19
Let j(l) = -4*l + 538. Let i be j(7). Calculate the highest common divisor of i and 30.
30
Let i be 1/(5/(-50*11)). Let c = i - -187. Calculate the greatest common divisor of c and 7.
7
Suppose -h = 3*u - 2429, -31*h = -5*u - 33*h + 4048. Calculate the highest common factor of 10 and u.
10
Let g = 15 - 12. Suppose z - 1 = g. Calculate the greatest common divisor of 12 and z.
4
Let g = 66 + -62. Suppose 132 = g*m - 2*c, -4*m - c + 4*c + 134 = 0. What is the greatest common factor of m and 16?
16
Suppose 656 = 4*k - 34*i + 30*i, 0 = -5*k - 3*i + 852. What is the greatest common factor of 189 and k?
21
Suppose -4*x = -7*x - m + 38, 0 = x + 3*m - 18. Suppose -4*o = -2*t + 2, -11*t + 4*o = -14*t + 43. Calculate the highest common factor of t and x.
3
Let l(d) = d**2 + d. Let u(o) = 5*o**2 + 9*o + 4. Let a(y) = -6*l(y) + u(y). Let c be a(0). Calculate the greatest common divisor of 2 and c.
2
Suppose y + 4*s - 536 = -2*y, 4*y - 721 = s. What is the highest common divisor of 270 and y?
90
Let a(x) = -9*x**3 + x**2 + 3*x - 2. Let s be a(-3). Suppose 2*f - 117 = 3*n, -5*f + f + s = n. What is the highest common factor of f and 30?
30
Let d(k) = -22*k - 68. Let a be d(-5). Calculate the greatest common divisor of 21 and a.
21
Let t(f) = -f**2 - 2*f - 1. Let p be t(-1). Suppose p = j - 4*j + 120. Suppose n = -0 + 5. Calculate the highest common divisor of j and n.
5
Let u(b) = -2*b + 2. Let d be u(1). Suppose d = -3*y - 4*q + 193, 2*q + 58 = y - 3*q. What is the greatest common factor of y and 7?
7
Suppose -5*o = -3*o - t - 28, -5*o = 3*t - 81. Let x = 35 - o. What is the highest common factor of x and 40?
20
Suppose q - 5 = 16. Let w be (-2)/3*9/(-2). Suppose -w*j + 2*j = -3. What is the highest common factor of j and q?
3
Let y(w) = w**2 + 14*w + 47. Let n be y(-9). Calculate the greatest common divisor of n and 216.
2
Let m = 2393 - 2339. Calculate the greatest common divisor of m and 48.
6
Suppose 387 = 2*r + 7. Let o(w) = w**2 - 8*w - 30. Let f be o(-5). Suppose -3*j + 3*t = t - r, f = j + 5*t. What is the greatest common factor of 15 and j?
15
Suppose -846 - 1200 = -66*g. What is the highest common factor of 1147 and g?
31
Let o be 1/(-3 - 52/(-16)). Let g(w) = w**3 - 4*w**2 - 5. Let x be g(o). Let z = x + 17. What is the highest common factor of z and 60?
12
Let j(w) = 5*w**2 - 3*w - 6. Let g be j(3). What is the highest common divisor of 240 and g?
30
Let u be (11/1)/((-114)/(-2622)). What is the highest common divisor of 99 and u?
11
Let x = 26 + -25. Suppose h - x = 5. What is the greatest common factor of 15 and h?
3
Suppose 2*y = 2*s + 60, 3*s - 118 = 23*y - 28*y. Calculate the greatest common factor of 39 and y.
13
Suppose 0*t - 4*h = 3*t - 67, -2*h - 129 = -5*t. What is the highest common divisor of t and 800?
25
Let v(a) = 16*a - 258. Let n be v(17). Let i(z) = -z**3 + 5*z**2 - 2*z - 1. Let x be i(4). Calculate the highest common factor of n and x.
7
Suppose -s + 98 = -4*u + 24, 0 = -s - 5*u + 29. What is the highest common factor of 63 and s?
9
Suppose -2*q - 4*s + 32 = 0, 7*s + 2 = q + 2*s. Let n = 5 + 1. Let l be (n/(-4))/(q/(-8)). Calculate the greatest common divisor of 1 and l.
1
Suppose 8 + 28 = 2*p. What is the highest common divisor of p and 36?
18
Let p be 4*((-105)/(-5) + (-8 - -4)). Calculate the highest common factor of 20 and p.
4
Suppose l - 72 = 5*h + 5*l, h - l + 9 = 0. Let w be 51/15 + h/30. Suppose -w*c = -8*c + 10. Calculate the highest common factor of 4 and c.
2
Let g(k) = k**2 - 19*k + 48. Let n be g(18). Let l be 0/2 - 17/(-1). Let d = n - l. What is the greatest common factor of 65 and d?
13
Suppose -267*a + 271*a - 5203 = p, 2*p + 1292 = a. What is the greatest common factor of a and 14?
14
Let u be 96/128 - 434/(-8). Suppose -5*w + 80 = -5*d, 3*d = 2*w + 19 - u. Calculate the highest common factor of 84 and w.
12
Let w = -811 - -843. Suppose 4*l = d - 2*d + 33, 3*l - 29 = -5*d. What is the highest common divisor of l and w?
8
Suppose -40*r = -367 - 313. Calculate the highest common factor of 493 and r.
17
Suppose -3*z = -5*z + 40. Let a = 30 - z. Suppose -k = 5 - a. Calculate the greatest common factor of k and 45.
5
Let v be (-490)/60 + 1 + (-5)/6. Let m be (v/(-30)*3)/((-3)/(-105)). What is the highest common factor of 28 and m?
28
Let m = -2263 - -2308. Calculate the highest common divisor of m and 99.
9
Let o = 1916 - 1791. What is the highest common divisor of 50 and o?
25
Suppose 192 = 2*z + 4*u, -5*u = -0*z + z - 90. Let n be (-1 + (-158)/2)*(-69)/138. Calculate the highest common divisor of n and z.
20
Let p(k) = -k**3 + 2*k**2 - 2. Let y be p(-2). Suppose 3*b = 4*b + y. Let x = 29 + b. Calculate the highest common divisor of x and 165.
15
Suppose -3*o = -2*b + 54, -3*o - 97 = -3*b - 13. What is the greatest common factor of 810 and b?
30
Let n be (-6100)/(-160) + 3/(-24). Let s = -122 + 217. What is the highest common factor of s and n?
19
Let q = -169 - -274. What is the highest common factor of 42 and q?
21
Let u(q) = 5*q + 4. Let i(b) = -b + 1. Let j(l) = -4*i(l) - 2*u(l). Let r be j(-6). What is the greatest common factor of r and 3?
3
Let n = 27 - -2. Let y = 0 - -2. Let s(z) = 37*z**2 - 3*z + 3. Let p be s(y). What is the highest common divisor of p and n?
29
Let b = 710 - 708. What is the highest common factor of b and 2?
2
Suppose -143 = -13*j + 117. Calculate the greatest common factor of j and 52.
4
Let c(o) = 3*o**3 + 21*o**2 - 3*o - 18. Let a be c(-7). Suppose 5*g - 12 + 7 = 0. What is the greatest common factor of g and a?
1
Suppose 4*v - 206 = 194. Let h = v - 64. Calculate the highest common divisor of 54 and h.
18
Let u be (-3)/(-9)*-13*(1 + -4). Calculate the greatest common factor of u and 169.
13
Let u(b) = -b**3 - 2*b**2 - b + 3. Let o be u(-3). Let z = 678 + -658. What is the greatest common factor of o and z?
5
Let y = -1322 - -2019. Let b = y - 389. What is the greatest common factor of 28 and b?
28
Suppose -11 = -6*i + 7. Let k be (-4)/6 - (-41)/i. What is the greatest common factor of 13 and k?
13
Let w = 7 - -2. Let j = -6 + w. Suppose b - 5*k = -9 - 2, j*b = 5*k + 7. What is the greatest common divisor of b and 63?
9
Let x be 6 - 6 - (-2 + -1 - (-136)/(-8)). Suppose 0 = 4*y - 2*p - 310, -y + 3*y = -3*p + 175. What is the highest common divisor of y and x?
20
Suppose -10*l + 722 = -448. Calculate the highest common factor of 130 and l.
13
Suppose 0*v = 5*v - 435. Let b = 160 + v. Let q = -170 + b. Calculate the highest common divisor of 11 and q.
11
Suppose -11 = -4*r + 5. Suppose r*a - 5*y = 23, -3*a + 4*y + 18 = -0*y. What is the highest common factor of a and 14?
2
Suppose 15*h = 19*h + 132. Let v = -21 - h. What is the highest common factor of v and 108?
12
Suppose -31*m - 1975 = -10531. What is the greatest common factor of m and 156?
12
Suppose 2030 = -2*i + 2052. Let y(l) = -l**2 - 4 + 0*l + 2 + 19*l. Let q be y(9). What is the highest common factor of q and i?
11
Suppose -2*a + 3*y + 18 = 0, 0 = -4*a - 0*y + y + 46. Suppose -2*q = -3*z + 4*z - 58, -5*z + 301 = -q. Calculate the greatest common factor of a and z.
12
Suppose -3*p = 4*m + m - 40, 5*p = 5*m. Suppose -2*z = -5*t - 35 + 108, 32 = 4*t + p*z. Calculate the highest common factor of t and 117.
13
Suppose 460 = 4*r - 0*r. What is the highest common divisor of 23 and r?
23
Suppose 0 = -21*u - 6*u + 4320. What is the highest common divisor of 10 and u?
10
Let h be (16 + -1)*2 + 2. Suppose n = 3*n - h. Let y(d) = 5*d - 79. Let p be y(19). Calculate the highest common divisor of p and n.
16
Let g = -536 + 705. What is the highest common factor of 26 and g?
13
Let i(n) = 17*n + 2. Let c be i(2). Let b = -3028 + 3032. Calculate the greatest common divisor of b and c.
4
Let o(d) = -d**3 + 8*d**2 - 6*d + 13. Let b be o(6). Suppose m = 5*w + b, -3*m = 3*w - 2*w - 67. What is the greatest common divisor of 192 and m?
24
Let y = 21 - 23. Let g = 10 + y. Calculate the greatest common divisor of g and 88.
8
Suppose 31*o - 14*o = 323. Calculate the highest common factor of 57 and o.
19
Suppose -3*f + 126 = 24. Calculate the greatest common divisor of f and 2.
2
Let z = 102 + -111. Let y = 7 - z. Calculate th